{"id":64,"date":"2025-07-12T09:45:43","date_gmt":"2025-07-12T07:45:43","guid":{"rendered":"http:\/\/www.elevagedumilon.com\/?page_id=64"},"modified":"2025-07-17T21:08:34","modified_gmt":"2025-07-17T19:08:34","slug":"les-prestations","status":"publish","type":"page","link":"https:\/\/www.elevagedumilon.com\/index.php\/les-prestations\/","title":{"rendered":"Les prestations"},"content":{"rendered":"<p>[et_pb_section fb_built=\u00a0\u00bb1&Prime; admin_label=\u00a0\u00bbService\u00a0\u00bb _builder_version=\u00a0\u00bb4.27.4&Prime; _module_preset=\u00a0\u00bbdefault\u00a0\u00bb use_background_color_gradient=\u00a0\u00bbon\u00a0\u00bb background_color_gradient_stops=\u00a0\u00bbrgba(41,59,69,0.7) 0%|#293b45 99%\u00a0\u00bb background_color_gradient_overlays_image=\u00a0\u00bbon\u00a0\u00bb background_image=\u00a0\u00bbhttp:\/\/www.elevagedumilon.com\/wp-content\/uploads\/2025\/07\/DSC_8685.jpg\u00a0\u00bb collapsed=\u00a0\u00bbon\u00a0\u00bb global_colors_info=\u00a0\u00bb{}\u00a0\u00bb][et_pb_row _builder_version=\u00a0\u00bb4.20.0&Prime; _module_preset=\u00a0\u00bbdefault\u00a0\u00bb global_colors_info=\u00a0\u00bb{}\u00a0\u00bb][et_pb_column type=\u00a0\u00bb4_4&Prime; _builder_version=\u00a0\u00bb4.20.0&Prime; _module_preset=\u00a0\u00bbdefault\u00a0\u00bb global_colors_info=\u00a0\u00bb{}\u00a0\u00bb][et_pb_text _builder_version=\u00a0\u00bb4.27.4&Prime; _module_preset=\u00a0\u00bb82002426-ca40-4fa4-bb86-f350664be9a2&Prime; header_2_text_color=\u00a0\u00bb#FFFFFF\u00a0\u00bb text_orientation=\u00a0\u00bbcenter\u00a0\u00bb custom_margin=\u00a0\u00bb||10px||false|false\u00a0\u00bb global_colors_info=\u00a0\u00bb{}\u00a0\u00bb]<\/p>\n<h2>Les prestations<\/h2>\n<p>[\/et_pb_text][\/et_pb_column][\/et_pb_row][\/et_pb_section][et_pb_section fb_built=\u00a0\u00bb1&Prime; admin_label=\u00a0\u00bbFeatures\u00a0\u00bb _builder_version=\u00a0\u00bb4.20.0&Prime; _module_preset=\u00a0\u00bbdefault\u00a0\u00bb background_color=\u00a0\u00bbgcid-1c7f682d-c09a-42e9-8b1c-535ba676533f\u00a0\u00bb collapsed=\u00a0\u00bbon\u00a0\u00bb global_colors_info=\u00a0\u00bb{%22gcid-1c7f682d-c09a-42e9-8b1c-535ba676533f%22:%91%22background_color%22%93}\u00a0\u00bb][et_pb_row column_structure=\u00a0\u00bb3_5,2_5&Prime; _builder_version=\u00a0\u00bb4.20.0&Prime; _module_preset=\u00a0\u00bbdefault\u00a0\u00bb max_width=\u00a0\u00bb800px\u00a0\u00bb global_colors_info=\u00a0\u00bb{}\u00a0\u00bb][et_pb_column type=\u00a0\u00bb3_5&Prime; _builder_version=\u00a0\u00bb4.20.0&Prime; _module_preset=\u00a0\u00bbdefault\u00a0\u00bb global_colors_info=\u00a0\u00bb{}\u00a0\u00bb][et_pb_image src=\u00a0\u00bbhttp:\/\/www.elevagedumilon.com\/wp-content\/uploads\/2025\/07\/DSC_8651.jpg\u00a0\u00bb title_text=\u00a0\u00bbDSC_8651&Prime; align=\u00a0\u00bbcenter\u00a0\u00bb _builder_version=\u00a0\u00bb4.27.4&Prime; _module_preset=\u00a0\u00bbdefault\u00a0\u00bb box_shadow_style=\u00a0\u00bbpreset3&Prime; global_colors_info=\u00a0\u00bb{}\u00a0\u00bb][\/et_pb_image][\/et_pb_column][et_pb_column type=\u00a0\u00bb2_5&Prime; _builder_version=\u00a0\u00bb4.20.0&Prime; _module_preset=\u00a0\u00bbdefault\u00a0\u00bb global_colors_info=\u00a0\u00bb{}\u00a0\u00bb][et_pb_text _builder_version=\u00a0\u00bb4.27.4&Prime; _module_preset=\u00a0\u00bb99a53279-248a-4a23-972f-e3969027e73f\u00a0\u00bb text_orientation=\u00a0\u00bbcenter\u00a0\u00bb global_colors_info=\u00a0\u00bb{}\u00a0\u00bb]<\/p>\n<p><strong>PENSIONS<\/strong><\/p>\n<p>\u2022 Pension box cheval 450 \u20ac<br \/>\u2022 Pension box poney 330 \u20ac<br \/>\u2022 Pension box + travail cheval 650 \u20ac<br \/>\u2022 Pension box + travail poney 600 \u20ac<br \/>\u2022 Pension pr\u00e9 avec abris cheval 330 \u20ac<br \/>\u2022 Pension pr\u00e9 avec abris poney 300 \u20ac<br \/>\u2022 Pension pr\u00e9 avec travail poney 470 \u20ac<br \/>\u2022 Suppl\u00e9ment copeaux 100 \u20ac<em><\/em><\/p>\n<p>[\/et_pb_text][\/et_pb_column][\/et_pb_row][et_pb_row column_structure=\u00a0\u00bb2_5,3_5&Prime; _builder_version=\u00a0\u00bb4.20.0&Prime; _module_preset=\u00a0\u00bbdefault\u00a0\u00bb max_width=\u00a0\u00bb800px\u00a0\u00bb global_colors_info=\u00a0\u00bb{}\u00a0\u00bb][et_pb_column type=\u00a0\u00bb2_5&Prime; _builder_version=\u00a0\u00bb4.20.0&Prime; _module_preset=\u00a0\u00bbdefault\u00a0\u00bb global_colors_info=\u00a0\u00bb{}\u00a0\u00bb][et_pb_text _builder_version=\u00a0\u00bb4.27.4&Prime; _module_preset=\u00a0\u00bb99a53279-248a-4a23-972f-e3969027e73f\u00a0\u00bb text_orientation=\u00a0\u00bbcenter\u00a0\u00bb global_colors_info=\u00a0\u00bb{}\u00a0\u00bb]<\/p>\n<p><strong>LES PRESTATIONS<\/strong><\/p>\n<p>\u2022 Cours particulier 35 \u20ac\u00a0<br \/>\u2022 Carte 10 cours 300 \u20ac<br \/>\u2022 Coaching 25 \u20ac<br \/>\u2022 Coaching particulier 50 \u20ac<br \/>\u2022 Manipulation poulains 70 \u20ac<br \/>\u2022 D\u00e9bourrage 25 \u20ac \/ jour<br \/>\u2022 Poulinage 300 \u20ac<\/p>\n<p>[\/et_pb_text][\/et_pb_column][et_pb_column type=\u00a0\u00bb3_5&Prime; _builder_version=\u00a0\u00bb4.20.0&Prime; _module_preset=\u00a0\u00bbdefault\u00a0\u00bb global_colors_info=\u00a0\u00bb{}\u00a0\u00bb][et_pb_image src=\u00a0\u00bbhttp:\/\/www.elevagedumilon.com\/wp-content\/uploads\/2025\/07\/DSC_7340.jpg\u00a0\u00bb title_text=\u00a0\u00bbDSC_7340&Prime; align=\u00a0\u00bbcenter\u00a0\u00bb disabled_on=\u00a0\u00bbon|off|off\u00a0\u00bb _builder_version=\u00a0\u00bb4.27.4&Prime; _module_preset=\u00a0\u00bbdefault\u00a0\u00bb box_shadow_style=\u00a0\u00bbpreset3&Prime; global_colors_info=\u00a0\u00bb{}\u00a0\u00bb][\/et_pb_image][\/et_pb_column][\/et_pb_row][et_pb_row _builder_version=\u00a0\u00bb4.27.4&Prime; _module_preset=\u00a0\u00bbdefault\u00a0\u00bb global_colors_info=\u00a0\u00bb{}\u00a0\u00bb][et_pb_column type=\u00a0\u00bb4_4&Prime; _builder_version=\u00a0\u00bb4.27.4&Prime; _module_preset=\u00a0\u00bbdefault\u00a0\u00bb global_colors_info=\u00a0\u00bb{}\u00a0\u00bb][et_pb_image src=\u00a0\u00bbhttp:\/\/www.elevagedumilon.com\/wp-content\/uploads\/2025\/07\/DSC_7340.jpg\u00a0\u00bb title_text=\u00a0\u00bbDSC_7340&Prime; align=\u00a0\u00bbcenter\u00a0\u00bb disabled_on=\u00a0\u00bboff|on|on\u00a0\u00bb _builder_version=\u00a0\u00bb4.27.4&Prime; _module_preset=\u00a0\u00bbdefault\u00a0\u00bb global_colors_info=\u00a0\u00bb{}\u00a0\u00bb][\/et_pb_image][\/et_pb_column][\/et_pb_row][et_pb_row _builder_version=\u00a0\u00bb4.27.4&Prime; _module_preset=\u00a0\u00bbdefault\u00a0\u00bb border_width_all=\u00a0\u00bb1px\u00a0\u00bb global_colors_info=\u00a0\u00bb{}\u00a0\u00bb][et_pb_column type=\u00a0\u00bb4_4&Prime; _builder_version=\u00a0\u00bb4.27.4&Prime; _module_preset=\u00a0\u00bbdefault\u00a0\u00bb global_colors_info=\u00a0\u00bb{}\u00a0\u00bb][et_pb_text _builder_version=\u00a0\u00bb4.27.4&Prime; _module_preset=\u00a0\u00bb99a53279-248a-4a23-972f-e3969027e73f\u00a0\u00bb text_orientation=\u00a0\u00bbcenter\u00a0\u00bb locked=\u00a0\u00bboff\u00a0\u00bb global_colors_info=\u00a0\u00bb{}\u00a0\u00bb]<\/p>\n<p><strong>LE COACHING<\/strong><\/p>\n<p>Benoit accompagne de nombreux cavaliers dans leur \u00e9volution aux \u00e9curies comme en comp\u00e9tition.\u00a0<\/p>\n<p>Parmi eux :\u00a0<\/p>\n<p>&#8211; Lucie Mercier 3eme du Championnat Minimes, Championne de l\u2019Orne as 2 as 1<br \/>et class\u00e9e en 1,25m \u00e0 seulement 13 ans.\u00a0<\/p>\n<p>&#8211; Marie-H\u00e9l\u00e8ne Rossion, Vice Championne de France par \u00e9quipes amateur. Plus de 7 victoires cette ann\u00e9e en amateur et 2eme meilleur couple sur la computer list amateur. Class\u00e9e 1,20m, elle commence les 1,25m.\u00a0<\/p>\n<p>&#8211; Hortense Aumont, class\u00e9e sur 1,25 m cette ann\u00e9e (elle d\u00e9butait en 1,05m l\u2019ann\u00e9e derni\u00e8re)<\/p>\n<p>&#8211; Pour la partie CSO uniquement, Aline Teillard, Championne de France Junior en CCE.\u00a0<\/p>\n<p>[\/et_pb_text][\/et_pb_column][\/et_pb_row][et_pb_row _builder_version=\u00a0\u00bb4.27.4&Prime; _module_preset=\u00a0\u00bbdefault\u00a0\u00bb global_colors_info=\u00a0\u00bb{}\u00a0\u00bb][et_pb_column type=\u00a0\u00bb4_4&Prime; _builder_version=\u00a0\u00bb4.27.4&Prime; _module_preset=\u00a0\u00bbdefault\u00a0\u00bb global_colors_info=\u00a0\u00bb{}\u00a0\u00bb][et_pb_image src=\u00a0\u00bbhttp:\/\/www.elevagedumilon.com\/wp-content\/uploads\/2025\/07\/Up-To-2.jpeg\u00a0\u00bb title_text=\u00a0\u00bbUp To 2&Prime; align=\u00a0\u00bbcenter\u00a0\u00bb _builder_version=\u00a0\u00bb4.27.4&Prime; _module_preset=\u00a0\u00bbdefault\u00a0\u00bb hover_enabled=\u00a0\u00bb0&Prime; global_colors_info=\u00a0\u00bb{}\u00a0\u00bb sticky_enabled=\u00a0\u00bb0&Prime;][\/et_pb_image][\/et_pb_column][\/et_pb_row][et_pb_row _builder_version=\u00a0\u00bb4.27.4&Prime; _module_preset=\u00a0\u00bbdefault\u00a0\u00bb max_width=\u00a0\u00bb800px\u00a0\u00bb border_width_all=\u00a0\u00bb1px\u00a0\u00bb locked=\u00a0\u00bboff\u00a0\u00bb global_colors_info=\u00a0\u00bb{}\u00a0\u00bb][et_pb_column type=\u00a0\u00bb4_4&Prime; _builder_version=\u00a0\u00bb4.20.0&Prime; _module_preset=\u00a0\u00bbdefault\u00a0\u00bb global_colors_info=\u00a0\u00bb{}\u00a0\u00bb][et_pb_text _builder_version=\u00a0\u00bb4.27.4&Prime; _module_preset=\u00a0\u00bb99a53279-248a-4a23-972f-e3969027e73f\u00a0\u00bb text_orientation=\u00a0\u00bbcenter\u00a0\u00bb custom_margin=\u00a0\u00bb4px|5px|4px|5px|false|false\u00a0\u00bb global_colors_info=\u00a0\u00bb{}\u00a0\u00bb]<\/p>\n<p><strong>L&rsquo;\u00c9QUIPE<\/strong><\/p>\n<p><strong>BENOIT GUERIN<\/strong><\/p>\n<p><strong> <\/strong><\/p>\n<p><strong>BEES 1<\/strong><span>\u00a0<\/span>puis<span>\u00a0<\/span><strong>BEES 2<\/strong><span>\u00a0<\/span>\u00e0 l\u2019<em>Ecole Nationale d\u2019\u00e9quitation de SAUMUR. <\/em><strong>DEUG<\/strong><span>\u00a0<\/span>enseignement et gestion de l\u2019\u00e9quitation \u00e0 la facult\u00e9 d\u2019<em>Angers. <\/em>Exp\u00e9riences Grand Prix Pro1 \/ Pro2, CSI 1 et 2, cycles classiques jeunes chevaux 4 \/ 5 \/ 6 ans. Coaching avec victoires et podium<span>\u00a0<\/span><strong>Championnat de France Poneys<\/strong><span>\u00a0<\/span>\u00e0<span>\u00a0<\/span><em>La Motte Beuvron<\/em><span>\u00a0<\/span>niveau D1 et Grand Prix et<span>\u00a0<\/span><strong>Championnat de France des Jeunes<\/strong><span>\u00a0<\/span>\u00e0<span>\u00a0<\/span><em>Fontainebleau. <\/em>Travail avec cavaliers internationaux: saut d\u2019obstacle:<span>\u00a0<\/span><em>Patrice DELAVEAU, Fr\u00e9d\u00e9rique FAVRE-DELBOS, Fr\u00e9d\u00e9ric BUSQUET, <\/em>concours complets:<span>\u00a0<\/span><em>Didier COUREGES, Didier DHENNIN, Jean LUC FORCE, Philippe MULL, <\/em>dressage:<span>\u00a0<\/span><em>Philippe LIMOUSIN, Fabien GODELLE, Olivier LEMESSAGER, Eric CHALANNET.<\/em><\/p>\n<p>Benoit s&rsquo;entoure d&rsquo;une \u00e9quipe de qualit\u00e9 et en nombre assez important pour s&rsquo;occuper au mieux des tous les chevaux et poneys au quotidien.<\/p>\n<p>BONANNO ANTOINE cavalier jeunes chevaux BPJEPS<br \/>BLONDEL PATRICE ouvrier agricole<br \/>DERNY CARLA cavali\u00e8re jeunes poneys responsable de l&rsquo;\u00e9levage BPJEPS<br \/>DESSEIN HELO\u00cfSE apprentie CS jeunes chevaux BPJEPS<br \/>GUYARD SARAH apprentie CS jeunes chevaux BPJEPS<br \/>ADLAOUI LEI ANN apprentie groom<br \/>COCART MATHIEU apprenti Bac Pro CGEH<br \/>MOREAU TALIA stagiaire Bac Pro CGEH<br \/>AUBIN ANNAELLE stagiaire Bac Pro CGEH<\/p>\n<p>&nbsp;<\/p>\n<p>&nbsp;<\/p>\n<p>[\/et_pb_text][et_pb_image src=\u00a0\u00bbhttp:\/\/www.elevagedumilon.com\/wp-content\/uploads\/2025\/07\/Boom-2.jpeg\u00a0\u00bb title_text=\u00a0\u00bbBoom 2&Prime; align=\u00a0\u00bbcenter\u00a0\u00bb _builder_version=\u00a0\u00bb4.27.4&Prime; _module_preset=\u00a0\u00bbdefault\u00a0\u00bb animation_style=\u00a0\u00bbfade\u00a0\u00bb global_colors_info=\u00a0\u00bb{}\u00a0\u00bb][\/et_pb_image][\/et_pb_column][\/et_pb_row][\/et_pb_section]<\/p>\n","protected":false},"excerpt":{"rendered":"<p>Les prestationsPENSIONS \u2022 Pension box cheval 450 \u20ac\u2022 Pension box poney 330 \u20ac\u2022 Pension box + travail cheval 650 \u20ac\u2022 Pension box + travail poney 600 \u20ac\u2022 Pension pr\u00e9 avec abris cheval 330 \u20ac\u2022 Pension pr\u00e9 avec abris poney 300 \u20ac\u2022 Pension pr\u00e9 avec travail poney 470 \u20ac\u2022 Suppl\u00e9ment copeaux 100 \u20acLES PRESTATIONS \u2022 Cours [&hellip;]<\/p>\n","protected":false},"author":1,"featured_media":0,"parent":0,"menu_order":0,"comment_status":"closed","ping_status":"closed","template":"","meta":{"_et_pb_use_builder":"on","_et_pb_old_content":"","_et_gb_content_width":"","footnotes":""},"class_list":["post-64","page","type-page","status-publish","hentry"],"yoast_head":"<!-- This site is optimized with the Yoast SEO plugin v27.4 - https:\/\/yoast.com\/product\/yoast-seo-wordpress\/ -->\n<title>Les prestations - \u00e9levage du milon<\/title>\n<meta name=\"robots\" content=\"noindex, follow, max-snippet:-1, max-image-preview:large, max-video-preview:-1\" \/>\n<meta property=\"og:locale\" content=\"fr_FR\" \/>\n<meta property=\"og:type\" content=\"article\" \/>\n<meta property=\"og:title\" content=\"Les prestations - \u00e9levage du milon\" \/>\n<meta property=\"og:description\" content=\"Les prestationsPENSIONS \u2022 Pension box cheval 450 \u20ac\u2022 Pension box poney 330 \u20ac\u2022 Pension box + travail cheval 650 \u20ac\u2022 Pension box + travail poney 600 \u20ac\u2022 Pension pr\u00e9 avec abris cheval 330 \u20ac\u2022 Pension pr\u00e9 avec abris poney 300 \u20ac\u2022 Pension pr\u00e9 avec travail poney 470 \u20ac\u2022 Suppl\u00e9ment copeaux 100 \u20acLES PRESTATIONS \u2022 Cours [&hellip;]\" \/>\n<meta property=\"og:url\" content=\"https:\/\/www.elevagedumilon.com\/index.php\/les-prestations\/\" \/>\n<meta property=\"og:site_name\" content=\"\u00e9levage du milon\" \/>\n<meta property=\"article:modified_time\" content=\"2025-07-17T19:08:34+00:00\" \/>\n<meta name=\"twitter:card\" content=\"summary_large_image\" \/>\n<meta name=\"twitter:label1\" content=\"Dur\u00e9e de lecture estim\u00e9e\" \/>\n\t<meta name=\"twitter:data1\" content=\"5 minutes\" \/>\n<script type=\"application\/ld+json\" class=\"yoast-schema-graph\">{\"@context\":\"https:\\\/\\\/schema.org\",\"@graph\":[{\"@type\":\"WebPage\",\"@id\":\"https:\\\/\\\/www.elevagedumilon.com\\\/index.php\\\/les-prestations\\\/\",\"url\":\"https:\\\/\\\/www.elevagedumilon.com\\\/index.php\\\/les-prestations\\\/\",\"name\":\"Les prestations - \u00e9levage du milon\",\"isPartOf\":{\"@id\":\"https:\\\/\\\/www.elevagedumilon.com\\\/#website\"},\"datePublished\":\"2025-07-12T07:45:43+00:00\",\"dateModified\":\"2025-07-17T19:08:34+00:00\",\"breadcrumb\":{\"@id\":\"https:\\\/\\\/www.elevagedumilon.com\\\/index.php\\\/les-prestations\\\/#breadcrumb\"},\"inLanguage\":\"fr-FR\",\"potentialAction\":[{\"@type\":\"ReadAction\",\"target\":[\"https:\\\/\\\/www.elevagedumilon.com\\\/index.php\\\/les-prestations\\\/\"]}]},{\"@type\":\"BreadcrumbList\",\"@id\":\"https:\\\/\\\/www.elevagedumilon.com\\\/index.php\\\/les-prestations\\\/#breadcrumb\",\"itemListElement\":[{\"@type\":\"ListItem\",\"position\":1,\"name\":\"Accueil\",\"item\":\"https:\\\/\\\/www.elevagedumilon.com\\\/\"},{\"@type\":\"ListItem\",\"position\":2,\"name\":\"Les prestations\"}]},{\"@type\":\"WebSite\",\"@id\":\"https:\\\/\\\/www.elevagedumilon.com\\\/#website\",\"url\":\"https:\\\/\\\/www.elevagedumilon.com\\\/\",\"name\":\"\u00e9levage du milon\",\"description\":\"\",\"potentialAction\":[{\"@type\":\"SearchAction\",\"target\":{\"@type\":\"EntryPoint\",\"urlTemplate\":\"https:\\\/\\\/www.elevagedumilon.com\\\/?s={search_term_string}\"},\"query-input\":{\"@type\":\"PropertyValueSpecification\",\"valueRequired\":true,\"valueName\":\"search_term_string\"}}],\"inLanguage\":\"fr-FR\"}]}<\/script>\n<!-- \/ Yoast SEO plugin. -->","yoast_head_json":{"title":"Les prestations - \u00e9levage du milon","robots":{"index":"noindex","follow":"follow","max-snippet":"max-snippet:-1","max-image-preview":"max-image-preview:large","max-video-preview":"max-video-preview:-1"},"og_locale":"fr_FR","og_type":"article","og_title":"Les prestations - \u00e9levage du milon","og_description":"Les prestationsPENSIONS \u2022 Pension box cheval 450 \u20ac\u2022 Pension box poney 330 \u20ac\u2022 Pension box + travail cheval 650 \u20ac\u2022 Pension box + travail poney 600 \u20ac\u2022 Pension pr\u00e9 avec abris cheval 330 \u20ac\u2022 Pension pr\u00e9 avec abris poney 300 \u20ac\u2022 Pension pr\u00e9 avec travail poney 470 \u20ac\u2022 Suppl\u00e9ment copeaux 100 \u20acLES PRESTATIONS \u2022 Cours [&hellip;]","og_url":"https:\/\/www.elevagedumilon.com\/index.php\/les-prestations\/","og_site_name":"\u00e9levage du milon","article_modified_time":"2025-07-17T19:08:34+00:00","twitter_card":"summary_large_image","twitter_misc":{"Dur\u00e9e de lecture estim\u00e9e":"5 minutes"},"schema":{"@context":"https:\/\/schema.org","@graph":[{"@type":"WebPage","@id":"https:\/\/www.elevagedumilon.com\/index.php\/les-prestations\/","url":"https:\/\/www.elevagedumilon.com\/index.php\/les-prestations\/","name":"Les prestations - \u00e9levage du milon","isPartOf":{"@id":"https:\/\/www.elevagedumilon.com\/#website"},"datePublished":"2025-07-12T07:45:43+00:00","dateModified":"2025-07-17T19:08:34+00:00","breadcrumb":{"@id":"https:\/\/www.elevagedumilon.com\/index.php\/les-prestations\/#breadcrumb"},"inLanguage":"fr-FR","potentialAction":[{"@type":"ReadAction","target":["https:\/\/www.elevagedumilon.com\/index.php\/les-prestations\/"]}]},{"@type":"BreadcrumbList","@id":"https:\/\/www.elevagedumilon.com\/index.php\/les-prestations\/#breadcrumb","itemListElement":[{"@type":"ListItem","position":1,"name":"Accueil","item":"https:\/\/www.elevagedumilon.com\/"},{"@type":"ListItem","position":2,"name":"Les prestations"}]},{"@type":"WebSite","@id":"https:\/\/www.elevagedumilon.com\/#website","url":"https:\/\/www.elevagedumilon.com\/","name":"\u00e9levage du milon","description":"","potentialAction":[{"@type":"SearchAction","target":{"@type":"EntryPoint","urlTemplate":"https:\/\/www.elevagedumilon.com\/?s={search_term_string}"},"query-input":{"@type":"PropertyValueSpecification","valueRequired":true,"valueName":"search_term_string"}}],"inLanguage":"fr-FR"}]}},"_links":{"self":[{"href":"https:\/\/www.elevagedumilon.com\/index.php\/wp-json\/wp\/v2\/pages\/64","targetHints":{"allow":["GET"]}}],"collection":[{"href":"https:\/\/www.elevagedumilon.com\/index.php\/wp-json\/wp\/v2\/pages"}],"about":[{"href":"https:\/\/www.elevagedumilon.com\/index.php\/wp-json\/wp\/v2\/types\/page"}],"author":[{"embeddable":true,"href":"https:\/\/www.elevagedumilon.com\/index.php\/wp-json\/wp\/v2\/users\/1"}],"replies":[{"embeddable":true,"href":"https:\/\/www.elevagedumilon.com\/index.php\/wp-json\/wp\/v2\/comments?post=64"}],"version-history":[{"count":15,"href":"https:\/\/www.elevagedumilon.com\/index.php\/wp-json\/wp\/v2\/pages\/64\/revisions"}],"predecessor-version":[{"id":393,"href":"https:\/\/www.elevagedumilon.com\/index.php\/wp-json\/wp\/v2\/pages\/64\/revisions\/393"}],"wp:attachment":[{"href":"https:\/\/www.elevagedumilon.com\/index.php\/wp-json\/wp\/v2\/media?parent=64"}],"curies":[{"name":"wp","href":"https:\/\/api.w.org\/{rel}","templated":true}]}}