{"id":78,"date":"2025-07-12T09:45:12","date_gmt":"2025-07-12T07:45:12","guid":{"rendered":"http:\/\/www.elevagedumilon.com\/?page_id=78"},"modified":"2025-07-18T21:06:17","modified_gmt":"2025-07-18T19:06:17","slug":"lelevage","status":"publish","type":"page","link":"https:\/\/www.elevagedumilon.com\/index.php\/lelevage\/","title":{"rendered":"L&rsquo;\u00e9levage"},"content":{"rendered":"<p>[et_pb_section fb_built=\u00a0\u00bb1&Prime; admin_label=\u00a0\u00bbService\u00a0\u00bb _builder_version=\u00a0\u00bb4.27.4&Prime; _module_preset=\u00a0\u00bbdefault\u00a0\u00bb use_background_color_gradient=\u00a0\u00bbon\u00a0\u00bb background_color_gradient_stops=\u00a0\u00bbrgba(41,59,69,0.7) 0%|#293b45 99%\u00a0\u00bb background_color_gradient_overlays_image=\u00a0\u00bbon\u00a0\u00bb background_image=\u00a0\u00bbhttp:\/\/www.elevagedumilon.com\/wp-content\/uploads\/2025\/07\/DSC_8717.jpg\u00a0\u00bb collapsed=\u00a0\u00bbon\u00a0\u00bb global_colors_info=\u00a0\u00bb{}\u00a0\u00bb][et_pb_row _builder_version=\u00a0\u00bb4.20.0&Prime; _module_preset=\u00a0\u00bbdefault\u00a0\u00bb global_colors_info=\u00a0\u00bb{}\u00a0\u00bb][et_pb_column type=\u00a0\u00bb4_4&Prime; _builder_version=\u00a0\u00bb4.20.0&Prime; _module_preset=\u00a0\u00bbdefault\u00a0\u00bb global_colors_info=\u00a0\u00bb{}\u00a0\u00bb][et_pb_text _builder_version=\u00a0\u00bb4.27.4&Prime; _module_preset=\u00a0\u00bb82002426-ca40-4fa4-bb86-f350664be9a2&Prime; header_2_text_color=\u00a0\u00bb#FFFFFF\u00a0\u00bb text_orientation=\u00a0\u00bbcenter\u00a0\u00bb custom_margin=\u00a0\u00bb||10px||false|false\u00a0\u00bb global_colors_info=\u00a0\u00bb{}\u00a0\u00bb]<\/p>\n<h2>L&rsquo;\u00e9levage<\/h2>\n<p>[\/et_pb_text][\/et_pb_column][\/et_pb_row][\/et_pb_section][et_pb_section fb_built=\u00a0\u00bb1&Prime; admin_label=\u00a0\u00bbFeatures\u00a0\u00bb _builder_version=\u00a0\u00bb4.20.0&Prime; _module_preset=\u00a0\u00bbdefault\u00a0\u00bb background_color=\u00a0\u00bbgcid-1c7f682d-c09a-42e9-8b1c-535ba676533f\u00a0\u00bb collapsed=\u00a0\u00bbon\u00a0\u00bb global_colors_info=\u00a0\u00bb{%22gcid-1c7f682d-c09a-42e9-8b1c-535ba676533f%22:%91%22background_color%22%93}\u00a0\u00bb][et_pb_row column_structure=\u00a0\u00bb3_5,2_5&Prime; _builder_version=\u00a0\u00bb4.27.4&Prime; _module_preset=\u00a0\u00bbdefault\u00a0\u00bb global_colors_info=\u00a0\u00bb{}\u00a0\u00bb][et_pb_column type=\u00a0\u00bb3_5&Prime; _builder_version=\u00a0\u00bb4.27.4&Prime; _module_preset=\u00a0\u00bbdefault\u00a0\u00bb global_colors_info=\u00a0\u00bb{}\u00a0\u00bb][et_pb_text _builder_version=\u00a0\u00bb4.27.4&Prime; _module_preset=\u00a0\u00bb99a53279-248a-4a23-972f-e3969027e73f\u00a0\u00bb text_orientation=\u00a0\u00bbcenter\u00a0\u00bb locked=\u00a0\u00bboff\u00a0\u00bb global_colors_info=\u00a0\u00bb{}\u00a0\u00bb]<\/p>\n<p><strong>L&rsquo;\u00c9LEVAGE<\/strong><\/p>\n<p><span>En 1979, Luc et Sylvie GUERIN s\u2019installent \u00e0 BERNAY dans l\u2019EURE.<br \/><\/span><br \/><span>Rapidement, deux de leurs fils d\u00e9couvrent avec enthousiasme l\u2019\u00e9quitation chez Robert et Denise DELAVEAU, puis \u00e0 la\u00a0<\/span><em>Chaumi\u00e8re aux Poneys.<br \/><\/em><br \/><span>De l\u2019achat de la ponette Connemara STAR De GOUTELLON et de la passion de Benoit va naitre l\u2019\u00e9levage de poneys de sport puis de chevaux.<\/span><\/p>\n<p>Au fil des ann\u00e9es, la partie \u00e9levage a pris un place de plus en plus importante. <span>Aujourd&rsquo;hui, elle compte 8 poulini\u00e8res (chevaux) appartenant au Haras, ainsi que 3 en collaboration avec Pauligne Guignery. En plus de cela 10 porteuses permettent de faire des transferts d&#8217;embryons sur des juments encore dans le sport ou trop \u00e2g\u00e9es pour porter elles-m\u00eame leurs poulains.<\/span><\/p>\n<p>&nbsp;<\/p>\n<p><span><br \/><em>En photo : Lord du Mont Milon aux Championnats du Monde\u00a0<\/em><\/span><span><\/span><\/p>\n<p>[\/et_pb_text][\/et_pb_column][et_pb_column type=\u00a0\u00bb2_5&Prime; _builder_version=\u00a0\u00bb4.27.4&Prime; _module_preset=\u00a0\u00bbdefault\u00a0\u00bb global_colors_info=\u00a0\u00bb{}\u00a0\u00bb][et_pb_image src=\u00a0\u00bbhttp:\/\/www.elevagedumilon.com\/wp-content\/uploads\/2025\/07\/Lord-du-MM-2.jpeg\u00a0\u00bb title_text=\u00a0\u00bbLord du MM 2&Prime; _builder_version=\u00a0\u00bb4.27.4&Prime; _module_preset=\u00a0\u00bbdefault\u00a0\u00bb global_colors_info=\u00a0\u00bb{}\u00a0\u00bb][\/et_pb_image][\/et_pb_column][\/et_pb_row][et_pb_row _builder_version=\u00a0\u00bb4.27.4&Prime; _module_preset=\u00a0\u00bbdefault\u00a0\u00bb global_colors_info=\u00a0\u00bb{}\u00a0\u00bb][et_pb_column type=\u00a0\u00bb4_4&Prime; _builder_version=\u00a0\u00bb4.27.4&Prime; _module_preset=\u00a0\u00bbdefault\u00a0\u00bb global_colors_info=\u00a0\u00bb{}\u00a0\u00bb][et_pb_image src=\u00a0\u00bbhttp:\/\/www.elevagedumilon.com\/wp-content\/uploads\/2025\/07\/DSC_7277.jpg\u00a0\u00bb title_text=\u00a0\u00bbDSC_7277&Prime; align=\u00a0\u00bbcenter\u00a0\u00bb _builder_version=\u00a0\u00bb4.27.4&Prime; _module_preset=\u00a0\u00bbdefault\u00a0\u00bb animation_style=\u00a0\u00bbflip\u00a0\u00bb global_colors_info=\u00a0\u00bb{}\u00a0\u00bb][\/et_pb_image][et_pb_text _builder_version=\u00a0\u00bb4.27.4&Prime; _module_preset=\u00a0\u00bb99a53279-248a-4a23-972f-e3969027e73f\u00a0\u00bb text_orientation=\u00a0\u00bbcenter\u00a0\u00bb hover_enabled=\u00a0\u00bb0&Prime; box_shadow_style=\u00a0\u00bbpreset1&Prime; locked=\u00a0\u00bboff\u00a0\u00bb global_colors_info=\u00a0\u00bb{}\u00a0\u00bb sticky_enabled=\u00a0\u00bb0&Prime;]<\/p>\n<p><span><strong><em>ALMA DU MILON<\/em><\/strong> (Vigo d&rsquo;Arsouilles x Quick Star) &#8211; ISO 130<br \/><strong><em>CASTELLA DU MILON<\/em><\/strong> (Quintus d&rsquo;09 x Quatoubet du Rouet), m\u00e8re de Invictus du Milon ISO 126<br \/><strong><em>HIMALAYA DU MILON<\/em><\/strong> ( transfert d&#8217;embryon) (Comme Il Faut x Quatoubet du Rouet) ISO 134 -10 pts PACE<br \/><strong><em>IMAGE DU MILON<\/em><\/strong> (Satisfaction x Hurlevent) &#8211; 12 pts PACE<br \/><strong><em>JET STAR DU MILON\u00a0<\/em><\/strong>(Qlassic Bois Margot x Adelfos)<br \/><em><strong>QUEEN STAR DU MILON<\/strong><\/em> (transfert) (Adelfos x Oracle), ISO 124- soeur ut\u00e9rine de Lord et m\u00e8re de In Star du Milon ISO 135\u00a0<br \/><em><strong>TEQUILA DU MILON<\/strong><\/em> (transfert) (Calvaro x Brazilia Paluelle), m\u00e8re de l&rsquo;\u00e9talon Boomerang du Milon ISO 143<br \/><em><strong>UP TO DATE DU MILON<\/strong><\/em> (transfert) (Jarnac x Oracle) ISO 145 &#8211; soeur ut\u00e9rine de Lord<br \/><strong><em>DANIELI\u00a0<\/em><\/strong>(Action Breaker x Dominard), fille de Vinca Major v Vlieringen, la crack de Pauline Guignery ISO 173<br \/><em><strong>GABY MY BABY\u00a0<\/strong><\/em>(Action Breaker x Ogano Sitte)<br \/><strong><em>EFFOA<\/em><\/strong> (Qlassic Bois Margot x Limbo)<br \/><\/span><\/p>\n<p>[\/et_pb_text][et_pb_image src=\u00a0\u00bbhttp:\/\/www.elevagedumilon.com\/wp-content\/uploads\/2025\/07\/DSC_7364.jpg\u00a0\u00bb title_text=\u00a0\u00bbDSC_7364&Prime; align=\u00a0\u00bbcenter\u00a0\u00bb _builder_version=\u00a0\u00bb4.27.4&Prime; _module_preset=\u00a0\u00bbdefault\u00a0\u00bb animation_style=\u00a0\u00bbfade\u00a0\u00bb global_colors_info=\u00a0\u00bb{}\u00a0\u00bb][\/et_pb_image][et_pb_text _builder_version=\u00a0\u00bb4.27.4&Prime; _module_preset=\u00a0\u00bb99a53279-248a-4a23-972f-e3969027e73f\u00a0\u00bb text_orientation=\u00a0\u00bbcenter\u00a0\u00bb locked=\u00a0\u00bboff\u00a0\u00bb global_colors_info=\u00a0\u00bb{}\u00a0\u00bb]<\/p>\n<p><span>Il y a \u00e9galement 10 poulini\u00e8res poneys :\u00a0<\/span><\/p>\n<p>[\/et_pb_text][et_pb_text _builder_version=\u00a0\u00bb4.27.4&Prime; _module_preset=\u00a0\u00bb99a53279-248a-4a23-972f-e3969027e73f\u00a0\u00bb text_orientation=\u00a0\u00bbcenter\u00a0\u00bb hover_enabled=\u00a0\u00bb0&Prime; box_shadow_style=\u00a0\u00bbpreset1&Prime; locked=\u00a0\u00bboff\u00a0\u00bb global_colors_info=\u00a0\u00bb{}\u00a0\u00bb sticky_enabled=\u00a0\u00bb0&Prime;]<\/p>\n<p><strong><em> COUNTRY GIRL DU MILON (IPO 164), EMHILDA DU VILLON, FERIA DU MILON (IPO 155) <\/em><\/strong>(transfert)<em><\/em><strong><em>, FUNNY GIRL DU MILON (IPO 136) <\/em><\/strong>(transfert)<em><\/em><strong><em>, GAZOLINE DU MILON (soeur ut\u00e9rine de l&rsquo;\u00e9talon Arlequin ISO 162),\u00a0 LOVELY GIRL DU MILON <\/em><\/strong>(transfert)<em><\/em><strong><em>,\u00a0 OPTIMA DU MILON, UBELLINE DU MILON, UNELLA DU MILON (IPO 130) et VENUS ELVEY.\u00a0<\/em><\/strong><\/p>\n<p>[\/et_pb_text][et_pb_image src=\u00a0\u00bbhttp:\/\/www.elevagedumilon.com\/wp-content\/uploads\/2025\/07\/493798018_2097199750691564_5064605976323525134_n.jpg\u00a0\u00bb title_text=\u00a0\u00bb493798018_2097199750691564_5064605976323525134_n\u00a0\u00bb align=\u00a0\u00bbcenter\u00a0\u00bb _builder_version=\u00a0\u00bb4.27.4&Prime; _module_preset=\u00a0\u00bbdefault\u00a0\u00bb animation_style=\u00a0\u00bbfold\u00a0\u00bb global_colors_info=\u00a0\u00bb{}\u00a0\u00bb][\/et_pb_image][\/et_pb_column][\/et_pb_row][\/et_pb_section]<\/p>\n","protected":false},"excerpt":{"rendered":"<p>L&rsquo;\u00e9levageL&rsquo;\u00c9LEVAGE En 1979, Luc et Sylvie GUERIN s\u2019installent \u00e0 BERNAY dans l\u2019EURE.Rapidement, deux de leurs fils d\u00e9couvrent avec enthousiasme l\u2019\u00e9quitation chez Robert et Denise DELAVEAU, puis \u00e0 la\u00a0Chaumi\u00e8re aux Poneys.De l\u2019achat de la ponette Connemara STAR De GOUTELLON et de la passion de Benoit va naitre l\u2019\u00e9levage de poneys de sport puis de chevaux. Au [&hellip;]<\/p>\n","protected":false},"author":1,"featured_media":0,"parent":0,"menu_order":0,"comment_status":"closed","ping_status":"closed","template":"","meta":{"_et_pb_use_builder":"on","_et_pb_old_content":"","_et_gb_content_width":"","footnotes":""},"class_list":["post-78","page","type-page","status-publish","hentry"],"yoast_head":"<!-- This site is optimized with the Yoast SEO plugin v27.4 - https:\/\/yoast.com\/product\/yoast-seo-wordpress\/ -->\n<title>L&#039;\u00e9levage - \u00e9levage du milon<\/title>\n<meta name=\"robots\" content=\"noindex, follow, max-snippet:-1, max-image-preview:large, max-video-preview:-1\" \/>\n<meta property=\"og:locale\" content=\"fr_FR\" \/>\n<meta property=\"og:type\" content=\"article\" \/>\n<meta property=\"og:title\" content=\"L&#039;\u00e9levage - \u00e9levage du milon\" \/>\n<meta property=\"og:description\" content=\"L&#039;\u00e9levageL&#039;\u00c9LEVAGE En 1979, Luc et Sylvie GUERIN s\u2019installent \u00e0 BERNAY dans l\u2019EURE.Rapidement, deux de leurs fils d\u00e9couvrent avec enthousiasme l\u2019\u00e9quitation chez Robert et Denise DELAVEAU, puis \u00e0 la\u00a0Chaumi\u00e8re aux Poneys.De l\u2019achat de la ponette Connemara STAR De GOUTELLON et de la passion de Benoit va naitre l\u2019\u00e9levage de poneys de sport puis de chevaux. Au [&hellip;]\" \/>\n<meta property=\"og:url\" content=\"https:\/\/www.elevagedumilon.com\/index.php\/lelevage\/\" \/>\n<meta property=\"og:site_name\" content=\"\u00e9levage du milon\" \/>\n<meta property=\"article:modified_time\" content=\"2025-07-18T19:06:17+00:00\" \/>\n<meta name=\"twitter:card\" content=\"summary_large_image\" \/>\n<meta name=\"twitter:label1\" content=\"Dur\u00e9e de lecture estim\u00e9e\" \/>\n\t<meta name=\"twitter:data1\" content=\"4 minutes\" \/>\n<script type=\"application\/ld+json\" class=\"yoast-schema-graph\">{\"@context\":\"https:\\\/\\\/schema.org\",\"@graph\":[{\"@type\":\"WebPage\",\"@id\":\"https:\\\/\\\/www.elevagedumilon.com\\\/index.php\\\/lelevage\\\/\",\"url\":\"https:\\\/\\\/www.elevagedumilon.com\\\/index.php\\\/lelevage\\\/\",\"name\":\"L'\u00e9levage - \u00e9levage du milon\",\"isPartOf\":{\"@id\":\"https:\\\/\\\/www.elevagedumilon.com\\\/#website\"},\"datePublished\":\"2025-07-12T07:45:12+00:00\",\"dateModified\":\"2025-07-18T19:06:17+00:00\",\"breadcrumb\":{\"@id\":\"https:\\\/\\\/www.elevagedumilon.com\\\/index.php\\\/lelevage\\\/#breadcrumb\"},\"inLanguage\":\"fr-FR\",\"potentialAction\":[{\"@type\":\"ReadAction\",\"target\":[\"https:\\\/\\\/www.elevagedumilon.com\\\/index.php\\\/lelevage\\\/\"]}]},{\"@type\":\"BreadcrumbList\",\"@id\":\"https:\\\/\\\/www.elevagedumilon.com\\\/index.php\\\/lelevage\\\/#breadcrumb\",\"itemListElement\":[{\"@type\":\"ListItem\",\"position\":1,\"name\":\"Accueil\",\"item\":\"https:\\\/\\\/www.elevagedumilon.com\\\/\"},{\"@type\":\"ListItem\",\"position\":2,\"name\":\"L&rsquo;\u00e9levage\"}]},{\"@type\":\"WebSite\",\"@id\":\"https:\\\/\\\/www.elevagedumilon.com\\\/#website\",\"url\":\"https:\\\/\\\/www.elevagedumilon.com\\\/\",\"name\":\"\u00e9levage du milon\",\"description\":\"\",\"potentialAction\":[{\"@type\":\"SearchAction\",\"target\":{\"@type\":\"EntryPoint\",\"urlTemplate\":\"https:\\\/\\\/www.elevagedumilon.com\\\/?s={search_term_string}\"},\"query-input\":{\"@type\":\"PropertyValueSpecification\",\"valueRequired\":true,\"valueName\":\"search_term_string\"}}],\"inLanguage\":\"fr-FR\"}]}<\/script>\n<!-- \/ Yoast SEO plugin. -->","yoast_head_json":{"title":"L'\u00e9levage - \u00e9levage du milon","robots":{"index":"noindex","follow":"follow","max-snippet":"max-snippet:-1","max-image-preview":"max-image-preview:large","max-video-preview":"max-video-preview:-1"},"og_locale":"fr_FR","og_type":"article","og_title":"L'\u00e9levage - \u00e9levage du milon","og_description":"L'\u00e9levageL'\u00c9LEVAGE En 1979, Luc et Sylvie GUERIN s\u2019installent \u00e0 BERNAY dans l\u2019EURE.Rapidement, deux de leurs fils d\u00e9couvrent avec enthousiasme l\u2019\u00e9quitation chez Robert et Denise DELAVEAU, puis \u00e0 la\u00a0Chaumi\u00e8re aux Poneys.De l\u2019achat de la ponette Connemara STAR De GOUTELLON et de la passion de Benoit va naitre l\u2019\u00e9levage de poneys de sport puis de chevaux. Au [&hellip;]","og_url":"https:\/\/www.elevagedumilon.com\/index.php\/lelevage\/","og_site_name":"\u00e9levage du milon","article_modified_time":"2025-07-18T19:06:17+00:00","twitter_card":"summary_large_image","twitter_misc":{"Dur\u00e9e de lecture estim\u00e9e":"4 minutes"},"schema":{"@context":"https:\/\/schema.org","@graph":[{"@type":"WebPage","@id":"https:\/\/www.elevagedumilon.com\/index.php\/lelevage\/","url":"https:\/\/www.elevagedumilon.com\/index.php\/lelevage\/","name":"L'\u00e9levage - \u00e9levage du milon","isPartOf":{"@id":"https:\/\/www.elevagedumilon.com\/#website"},"datePublished":"2025-07-12T07:45:12+00:00","dateModified":"2025-07-18T19:06:17+00:00","breadcrumb":{"@id":"https:\/\/www.elevagedumilon.com\/index.php\/lelevage\/#breadcrumb"},"inLanguage":"fr-FR","potentialAction":[{"@type":"ReadAction","target":["https:\/\/www.elevagedumilon.com\/index.php\/lelevage\/"]}]},{"@type":"BreadcrumbList","@id":"https:\/\/www.elevagedumilon.com\/index.php\/lelevage\/#breadcrumb","itemListElement":[{"@type":"ListItem","position":1,"name":"Accueil","item":"https:\/\/www.elevagedumilon.com\/"},{"@type":"ListItem","position":2,"name":"L&rsquo;\u00e9levage"}]},{"@type":"WebSite","@id":"https:\/\/www.elevagedumilon.com\/#website","url":"https:\/\/www.elevagedumilon.com\/","name":"\u00e9levage du milon","description":"","potentialAction":[{"@type":"SearchAction","target":{"@type":"EntryPoint","urlTemplate":"https:\/\/www.elevagedumilon.com\/?s={search_term_string}"},"query-input":{"@type":"PropertyValueSpecification","valueRequired":true,"valueName":"search_term_string"}}],"inLanguage":"fr-FR"}]}},"_links":{"self":[{"href":"https:\/\/www.elevagedumilon.com\/index.php\/wp-json\/wp\/v2\/pages\/78","targetHints":{"allow":["GET"]}}],"collection":[{"href":"https:\/\/www.elevagedumilon.com\/index.php\/wp-json\/wp\/v2\/pages"}],"about":[{"href":"https:\/\/www.elevagedumilon.com\/index.php\/wp-json\/wp\/v2\/types\/page"}],"author":[{"embeddable":true,"href":"https:\/\/www.elevagedumilon.com\/index.php\/wp-json\/wp\/v2\/users\/1"}],"replies":[{"embeddable":true,"href":"https:\/\/www.elevagedumilon.com\/index.php\/wp-json\/wp\/v2\/comments?post=78"}],"version-history":[{"count":19,"href":"https:\/\/www.elevagedumilon.com\/index.php\/wp-json\/wp\/v2\/pages\/78\/revisions"}],"predecessor-version":[{"id":398,"href":"https:\/\/www.elevagedumilon.com\/index.php\/wp-json\/wp\/v2\/pages\/78\/revisions\/398"}],"wp:attachment":[{"href":"https:\/\/www.elevagedumilon.com\/index.php\/wp-json\/wp\/v2\/media?parent=78"}],"curies":[{"name":"wp","href":"https:\/\/api.w.org\/{rel}","templated":true}]}}